*u, -696869 = -4*d + 188*u - 183*u. Is d composite?
False
Let s = 97206 - -329677. Is s a prime number?
False
Let a(p) = -4*p**3 - 3*p. Let s be a(5). Let w = -1178 - s. Let u = w - -1294. Is u composite?
False
Let r(h) = 27*h - 292. Let x be r(11). Suppose 2 = -x*f + 3*f, 0 = -5*o - f + 321594. Is o a composite number?
False
Let d(u) = -42 + 2*u**3 + 0*u**2 - 3*u**3 - u**2 - 3*u + 38. Let v be d(-4). Is (-3)/(-7) + 14200/v a prime number?
False
Suppose 0 = 2*o + 10, 4*o + 41 = -4*h + 7*h. Let a(p) = -p**3 + 4*p**2 - 9. Let n be a(h). Let w = 545 - n. Is w a composite number?
False
Suppose 0 = -3*p + 2*p + 45. Suppose -2*g + 48*f + 5251 = p*f, 0 = -5*g + 4*f + 13145. Is g a prime number?
True
Let u(y) = 1209*y + 7 + 1253*y - 2492*y + 91*y**2 + 13. Is u(9) prime?
True
Let h = -19 - -27. Let q(d) = 10*d - 14. Let j be q(h). Suppose 0 = -2*l + i + 78, -5*l - 2*i + j = -3*l. Is l a prime number?
True
Let x(w) = 345*w**2 + 19. Let v be x(10). Suppose 0 = -3*b, t - 6*b = -b + v. Is t composite?
False
Let q = -577663 + 997674. Is q a composite number?
True
Let l(g) = 6*g**2 + 12*g + 31. Let y = 112 - 125. Is l(y) composite?
True
Let h = 464 - 459. Suppose 20*k - 82710 = -h*u + 25*k, -u + 16537 = -2*k. Is u prime?
True
Let j = 90 + -51. Suppose 5*p - j = -9. Suppose 11525 = p*s - s. Is s a prime number?
False
Let a(r) = 1451*r - 51. Let w be -2 - 0 - (5 - 11). Is a(w) prime?
False
Let b(l) be the second derivative of l**4/3 + 7*l**3/6 - 39*l**2 - 70*l. Is b(23) composite?
True
Let l = -15408 + 26255. Is l composite?
False
Let l(q) = -3*q + 5. Let b be l(0). Suppose -5*y = 2*a - a - 4421, -b*y + 4*a + 4416 = 0. Suppose -3*c + y = -589. Is c composite?
False
Suppose -y = 2*r - 8, r - 4*y = -r + 18. Suppose 25 = -r*v, c - 35 = 2*v + 22. Is c prime?
True
Suppose 6*k = 11 + 1. Is (46264 - k) + -2 + -5 + 6 a prime number?
True
Suppose q + 1023*i - 1026*i - 541190 = 0, -3*i = -3. Is q prime?
True
Let j = -52786 - -237899. Is j a prime number?
False
Let s = -6975 - -20816. Is s a prime number?
True
Suppose 3*a = y + 74523, -24*y + 19*y - 74523 = -3*a. Let d = a - 14196. Is d composite?
True
Let p be 5/4 - (180/(-16))/(-5). Is (-19314)/(-29) - p*3 prime?
False
Let l be 2/14 - (-11)/((-462)/48). Is (((-7666)/(-4))/(2/(-4)))/l a prime number?
True
Let j = 25747 - -20118. Is j composite?
True
Suppose -272230 = -680*m + 645*m. Is m a prime number?
False
Suppose 10 = -4*k + 3*s + 1, -2*s - 2 = 0. Is k/(-6)*(835 + 3) prime?
True
Let v be 7 - ((-8 - -9) + -1298). Let j = v - 642. Is j a prime number?
False
Let a = 331 - 291. Suppose 502600 = a*c - 693600. Is c a composite number?
True
Let t(l) = -55*l - 6. Let k(j) = 1. Let f(d) = -10*k(d) + 2*t(d). Let h be f(-4). Suppose -2*i = 4*m - h, -3*i - 2*m + 6*m + 607 = 0. Is i a composite number?
True
Let o(q) = 353*q**2 - 119*q - 9. Is o(-22) a prime number?
False
Suppose 4*h = -5*a + 10, -a = 4*h - 9*h - 2. Suppose p - 1265 = -4*p + 2*v, -a*p = 5*v - 506. Is p a composite number?
True
Is 8331788/60 + (1503/(-135) - -11) a prime number?
True
Suppose 3*r + 5*g = 2*r + 28, -3*r + 2*g - 1 = 0. Suppose j + 10 = -r*a, -2*a - 5 = -j + 5. Suppose 2*h = -4*z + 1166, -j*z = -h - 645 + 72. Is z composite?
True
Is (152/(-24) - -7) + (-860580)/(-27) composite?
True
Let a(n) = 3*n**3 + 7*n**2 - 3*n + 39. Let k be a(16). Suppose -h = -4*h + 4*m + k, 0 = 2*h - m - 9374. Is h prime?
False
Let m = 13 - 4. Suppose 0 = 5*c - 5*a - 185, -10*c = -15*c + 3*a + 183. Is (-639)/(-24)*14 + m/c a composite number?
False
Is ((60/(-30))/((-4)/50867))/((-3)/(-12)) composite?
True
Let v(h) = 4*h**3 + 8*h**2 - h + 6. Let d be 1/2 - (23/2 + -4). Let s be v(d). Let i = -288 - s. Is i a prime number?
False
Suppose -8*w - 1954 = -7*w. Let p = w + 3553. Suppose 0*q - p = -3*q. Is q a composite number?
True
Let r(i) = -1128*i + 5 + 11*i - 841*i + 106*i. Is r(-2) a prime number?
True
Let q = -46957 + 69368. Is q a composite number?
True
Suppose -29178 = -2*q + 4*v, -6*q + 14590 = -5*q - v. Is q a composite number?
False
Let l(w) = 2*w + 2. Let n be l(2). Let t(v) = 2*v - 45. Let z(x) = x - 22. Let m(h) = 6*t(h) - 13*z(h). Is m(n) composite?
True
Let l(o) = -225*o - 11. Let h(c) = c**2 + 6*c - 4. Let f be h(-6). Let w be l(f). Let t = 1742 - w. Is t a composite number?
False
Let n(b) = 188*b**2 - 11*b + 477. Is n(26) prime?
False
Let k(u) = 6*u - 2. Let t be k(7). Let p(o) = 15*o - 33 - 22 + t + 13*o**2. Is p(-13) a prime number?
True
Suppose -4*x - x = -5385. Let j be x*(-3 + 2) + (-3 - -7). Let n = -610 - j. Is n a composite number?
False
Let o(c) = 10*c**2 - 22*c - 60. Let u be o(-23). Let f = u - 3273. Is f a composite number?
True
Is 3 + ((-330)/81 - -1) + 2148672/3078 prime?
False
Suppose 0 = 4*x - g - 32745, -12*x - 2*g = -9*x - 24545. Is x a composite number?
True
Suppose -2*s + 8 = 4*r, 4*r = 8*r. Is 20/s + (-13608)/(-4) a composite number?
False
Let q = 281834 + -61969. Suppose -16*n + 49207 + q = 0. Is n a composite number?
True
Let g = 164 - 89. Let l = -70 + g. Suppose -l*f + 985 - 30 = 0. Is f a prime number?
True
Suppose 0 = 4*b + 4*v - 396, b - 3*v - 140 = -53. Suppose -b*r = -92*r - 111076. Is r prime?
False
Let q(l) be the first derivative of l**5/120 + 13*l**4/24 - 20*l**3/3 + 22. Let a(k) be the third derivative of q(k). Is a(8) prime?
False
Suppose -f = -92*j + 91*j - 259911, f = 3*j + 259919. Is f composite?
False
Let d(w) = -519*w**2 + 4*w + 31. Let p(t) = 4*t**2 + t. Let v(l) = -d(l) - 3*p(l). Is v(-7) a composite number?
True
Let r = 296 - 293. Is 1/r + 32000/3 composite?
False
Suppose -238303 = -95*d + 57052. Is d prime?
True
Let c(g) = g - 5. Let a be c(7). Let i be (-1 + -2)/(a/(-4)*2). Suppose -k + 202 = o, -o - 6 = -i*o. Is k composite?
False
Let u(l) = 189*l**2 - 8*l - 6. Let o be u(-1). Let b = 340 - o. Is b a prime number?
True
Let v(o) be the second derivative of -o + 0 - 5/6*o**3 + 2*o**2. Is v(-15) composite?
False
Suppose -41*t + 1197672 = -1166142. Suppose 0*w - 18*w = -t. Is w a prime number?
True
Suppose 4596280 = 47*c - 5774881. Is c composite?
False
Let w(q) = 18*q**2 - 6*q - 5. Let d be w(4). Suppose 5*f = -2*v + 614 + 693, -f + d = v. Is f a composite number?
False
Let r(t) = -t**2 + t + 1. Let n(c) = -3971*c**2 + 7*c + 8. Let z(s) = -n(s) + 3*r(s). Is z(-1) prime?
True
Let z be (-22)/(((-3)/4870)/(9/12)). Suppose -5*r + z = -3*r - 5*u, -r - 2*u + 13379 = 0. Is r a composite number?
True
Let a = -57254 - -96211. Is a composite?
True
Let j be -149 + (0/1 - -2). Let a be (0/(-3) + -1)/((-6)/876). Let b = a - j. Is b a prime number?
True
Suppose 2*x + 18 - 6 = 5*j, -3*x - 56 = 2*j. Suppose 3*f + 4*l = -0*f - 650, 10 = -2*l. Is f/(0 + 3)*x - 3 a prime number?
True
Let a(j) = 701274*j**3 + 6*j**2 - 43*j + 44. Is a(1) a prime number?
False
Let s(i) = 239*i - 5 + 7 + 1 - 13. Suppose -g = -2*x + 4*x - 1, 5*g = 2*x + 17. Is s(g) a prime number?
False
Let a = -6095 + 12473. Let f = a + 10351. Is f a composite number?
False
Let q(o) = 403*o**2 + 4*o. Let d(c) = 404*c**2 + 3*c. Let l(g) = -2*d(g) + 3*q(g). Let m be l(-3). Let p = 6274 - m. Is p composite?
False
Suppose -57*y = -69*y + 370884. Is y a composite number?
True
Let s = 197 - 197. Suppose -p + 862 - 231 = s. Is p prime?
True
Suppose -15 = 4*s - 19*s. Is -1 + -3 + s - -1736 composite?
False
Let t(b) = -12*b**2 - 6*b - 12. Let s be t(-11). Let o = s + 358. Let a = o - -1581. Is a a prime number?
True
Let n = -51135 - -88456. Is n prime?
True
Let m(a) = -77*a**3 + 3*a**2 - 12*a - 5. Let y(o) = -o**3 - o - 1. Let v(n) = -m(n) + 6*y(n). Let w be v(2). Let z = w - 278. Is z a prime number?
False
Let x be 27 - (-4 + (-8)/(-2)). Let c be ((-2)/6 + 36/x)*-1150. Let n = c + 3307. Is n a composite number?
True
Let a(l) = 54*l**3 - 6*l**2 - 15*l - 9. Let s(o) = 216*o**3 - 25*o**2 - 59*o - 35. Let v(x) = -9*a(x) + 2*s(x). Is v(-6) composite?
False
Let k = -4039 + -816. Let n = -2256 - k. Is n prime?
False
Let p be 132/(-20) - (-8)/(-20). Is p/28*65244/(-3) a composite number?
False
Is 3/12 - 5/((-120)/213162) prime?
False
Let t be (-1)/(7/42523) - (-194)/(-679). Is 8 - 9 - t - 1 a composite number?
False
Let z = 2086762 + -1471395. Is z a composite number?
False
Suppose 3*c - 27722 + 1267 = -m, 4*m - 3*c = 105910. Is m a prime number?
False
Let m(h) = 6569*h**2 - 3*h + 3. Is m(